List the prime factors of r.
3, 277
Let t be 21/(-14)*42*7. Let r = t - -822. What are the prime factors of r?
3, 127
Suppose -4*u = -5*q + 15805, -45*q - 9466 = -48*q - u. What are the prime factors of q?
7, 11, 41
Let u = 67 - 47. Suppose -23*y + u*y + 795 = 0. List the prime factors of y.
5, 53
Let f(l) = 1440*l**2 + 34*l - 10. List the prime factors of f(4).
2, 3, 11, 13
Let r be 16/6 + (2 - 40/15). List the prime factors of ((-6)/r)/((-24)/2536).
317
Suppose 13*l + 16*l = 26*l. Let m(p) = -p**3 + 2*p**2 + 4*p - 2. Let q be m(3). Suppose l = k - q - 35. List the prime factors of k.
2, 3
Suppose 25 = 3*k - 17. Let z = 429 + -423. Suppose -17*x + z = -k*x. What are the prime factors of x?
2
Suppose -7*b = -4*b - 4146. Suppose 0 = -5*z - b + 282. Let m = -144 - z. List the prime factors of m.
2, 19
Let s be 3129*(9/(-54) - 3/6). Let d = -1223 - s. What are the prime factors of d?
863
Suppose 157*y + 7489 = 158*y + 4*b, -30075 = -4*y + b. What are the prime factors of y?
7517
Suppose 4*b - 4*l = 6919 + 15397, -15*b + l + 83643 = 0. List the prime factors of b.
2, 17, 41
Suppose 5 = -15*q + 20. Suppose o + 3 + q = 0. List the prime factors of (o/6)/(-2) + (-242)/(-3).
3
Let g = 36 + -27. Suppose c - 4*o + g = 0, 2 = 3*o - 13. List the prime factors of (0 + 1)*583/c.
53
Suppose 66 - 44 = 2*o. Suppose -3*b - 4 - o = 0. List the prime factors of (-8)/10 - 1014/b.
2, 101
What are the prime factors of (-883404)/(-424) + (-2)/4?
2083
Let n(m) = 2*m + 44. Let j be n(-18). Let c(p) = 2*p + 1. Let b(t) = -3*t - 3. Let l(x) = 3*b(x) + 5*c(x). List the prime factors of l(j).
2
Suppose -42*b + 48*b - 3*x - 120 = 0, -x = b - 14. Suppose -2*v - 6 = 0, -2*m - 2*m + 648 = -4*v. List the prime factors of (m*2)/(b/9).
3, 53
Let z(j) = -235*j - 925. What are the prime factors of z(-110)?
5, 997
Let g be 1/2*(-408)/48*-6616. Suppose 0 = 35*d - d - g. List the prime factors of d.
827
Let k(s) = -s**2 - 23*s - 24. Let c be k(-22). Let n(t) = 24*t - 12. Let x be n(c). Let f = x - -225. What are the prime factors of f?
3, 5, 11
Suppose 4*n - 5*v - 135052 = 0, v = n + 23415 - 57179. List the prime factors of n.
2, 3, 7, 67
Let m(k) = -3*k + 30 + 97*k**3 - 48*k**3 + 18*k**2 + 23 - 48*k**3. What are the prime factors of m(-17)?
3, 131
Suppose -222 + 768 = 2*a. Suppose -3*v = -j + 21, -15*v + 18*v = -4*j - 21. Suppose -4*y - 5*b + a = -444, y - 3*b - 158 = j. List the prime factors of y.
173
Suppose -75*b - 329720 = -4015520. What are the prime factors of b?
2, 6143
Let h = -208 - -203. What are the prime factors of (24/(-2 - h))/(7/399)?
2, 3, 19
Let u(m) = 47*m**3 + m. Let b be -3*(-105)/(-63)*(-2)/10. What are the prime factors of u(b)?
2, 3
Let i be (-2)/6*-9 + 8. Suppose -1 = -4*a + i. Suppose a*p - d - 320 = -121, p + 2*d - 78 = 0. List the prime factors of p.
2, 17
Suppose 309*n = 314*n - 50. Suppose -14*w - 5*a = -n*w - 879, 4*a + 1109 = 5*w. List the prime factors of w.
13, 17
Let v be (-45)/2 + -7 + 1/(-2). What are the prime factors of 4 - -3*v/(-18)?
3
Let j be 3*81 - (4 + -5). Suppose 7*y + j = -617. Let k = -49 - y. What are the prime factors of k?
2, 37
Let t(r) = r - 2. Let u be t(6). Suppose -l + 11 = -0*s + 2*s, 0 = -u*l - 3*s + 49. Suppose -290 = -l*b + 906. List the prime factors of b.
2, 23
Let s be 98/6 + 2 - (-8)/12. Let m(d) = -s + 5*d**3 - 7*d**3 + d**3 - 6*d**2 + 9*d. What are the prime factors of m(-8)?
37
Suppose 8*s = 158 - 134. Let o(v) be the first derivative of v**3/3 + v**2 + 1. What are the prime factors of o(s)?
3, 5
List the prime factors of (-1433038)/(-69)*30/20.
31153
Let u(f) = -f**3 + 34*f**2 + 20*f + 110. What are the prime factors of u(28)?
2, 2687
Suppose 3*t - 31 = 2*d - 0*d, 0 = -5*d - 4*t - 20. What are the prime factors of (-3 - d) + -2 - -1093?
2, 137
Suppose 0 = 4*b, 1848*r = 1846*r - 3*b + 70832. What are the prime factors of r?
2, 19, 233
Suppose -11*d + 62 = 7. Suppose 0*o + 2*o - 218 = -d*r, -o = -4*r + 177. What are the prime factors of 119*((-26)/(-22) - 8/r)?
7, 17
Let u(q) = 2676*q - 1216. List the prime factors of u(3).
2, 13, 131
Let g = 581 + -318. Let i = 561 - g. What are the prime factors of i?
2, 149
Suppose 0*w - 6736 = -8*w. Suppose 4*b + 58 = w. List the prime factors of b + 1 + 66/22.
2, 5
Let o(q) = -10925*q - 962. What are the prime factors of o(-3)?
29, 1097
Let i be (-8 + 0)*18/(-24)*1. Let h(a) = 7 - i*a - 3 - 8. What are the prime factors of h(-4)?
2, 5
Suppose 4*u = -2*g + 20, -9*u = -5*g - 4*u - 10. Suppose g*w - 3*w = -4*r + 1425, -5*r - 4*w + 1776 = 0. List the prime factors of r.
2, 89
Let q(o) = 186*o + 506. What are the prime factors of q(26)?
2, 2671
Let f(m) = -301*m - 511. What are the prime factors of f(-34)?
3, 7, 463
Let y be -4161*(-190)/135 + (-2)/9. Suppose -y = -23*h + 7*h. What are the prime factors of h?
2, 3, 61
Let c = 20840 + -16438. What are the prime factors of c?
2, 31, 71
Suppose -20 = 80*h - 85*h. What are the prime factors of (h + -5)/((-8)/9992)?
1249
Let r(i) = -31*i - 88. Let o(u) = -u**3 - 5*u**2 + u - 12. Let f be o(-5). What are the prime factors of r(f)?
439
Suppose -14*l + 13*l = -2. What are the prime factors of 10224/36 - 1/(l/4)?
2, 3, 47
Let a(y) = -y**3 + 12*y**2 - 16*y - 10. Let l = -58 + 64. What are the prime factors of a(l)?
2, 5, 11
Let l = 115 - 67. Suppose 4*h = h - 6, 4*n + l = -2*h. What are the prime factors of (4 - 1 - 0)*(-8 - n)?
3
Let k = 181277 + -121215. What are the prime factors of k?
2, 59, 509
What are the prime factors of (-3011424)/(-520)*10/4?
2, 3, 19, 127
Suppose -1 = -t + 2. Suppose -6 = t*b, -2*b = -4*q + 152 + 372. What are the prime factors of q?
2, 5, 13
Let r(a) = -a**2 + 41*a + 47. Let u be r(42). Suppose 2*j + u*o = 2754, 7 = 2*o + 3. What are the prime factors of j?
2, 7
Let p = 81 - -407. Let o = p + -30. What are the prime factors of o?
2, 229
List the prime factors of -63322*((-88)/16 + (-4)/(8/(-10))).
7, 4523
Let q(y) = y**3 - 15*y**2 + 4*y - 7. Let p be q(10). Let n = p + 1010. List the prime factors of n.
3, 181
List the prime factors of (5099 - -1) + -9 + 16 + 0 + -10.
3, 1699
Suppose -90*s + 95*s - 31585 = -5*z, 18957 = 3*s - 3*z. List the prime factors of s.
2, 3, 13
Suppose 22303 = 4*z - 2*w - 11355, -3*w + 33683 = 4*z. Suppose 9*y = -3188 + z. What are the prime factors of y?
7, 83
What are the prime factors of ((-15)/((-30)/7))/(1*(-1)/(-16838))?
7, 8419
Suppose 0 = 14*h - 26483 + 17022 - 96071. What are the prime factors of h?
2, 3769
Let b = -9353 - -16292. What are the prime factors of b?
3, 257
Let o(m) = 14*m**2 - 4*m - 9. Let s be ((-4)/(-5) + 0)/((-1)/(-5)). Suppose 3*i - s*t - 3 = 0, -t - 4*t = -5*i. List the prime factors of o(i).
3, 43
Let m(y) = 91*y**2 - 5*y + 2. Let l(a) = 181*a**2 - 9*a + 4. Let u(t) = 3*l(t) - 5*m(t). Let c be 1 + 3 + -3 + (-4 - -4). List the prime factors of u(c).
2, 11
Suppose -38*t + 3029721 = 154*t - 2687079. List the prime factors of t.
3, 5, 397
Let y(p) = p**3 + 4*p**2 - 4*p + 5. Let c be y(-5). Suppose 4*r + 2*m - 976 = 0, -3*r + 734 = -c*m + m. What are the prime factors of r?
2, 3, 41
Suppose -3*r = z - 42, 0 = -2*r + r - 4*z + 14. Let s be r/(-35)*-10 - 570/(-2). Let g = s - 82. List the prime factors of g.
3, 23
Let v(b) = 1455*b + 489. What are the prime factors of v(9)?
2, 3, 283
Suppose 0 = -2*x + 5*l + 2273, 38*l - 40*l = x - 1150. What are the prime factors of x?
2, 11, 13
Suppose -20 = -17*q + 14. Let r(c) = 60*c**3 - 3*c**2 + 4*c - 6. What are the prime factors of r(q)?
2, 5, 47
Let z = 1165 - 379. Let y = -595 + z. What are the prime factors of y?
191
Let q(z) = -15*z + 11*z**2 + 16*z + 5*z - 23. What are the prime factors of q(6)?
409
What are the prime factors of (-2043 + (-60 - -27))*75*(-2)/8?
3, 5, 173
Let g be (5 - (-140)/4) + -4. Suppose -28*o - g = -32*o. Suppose o*r - 231 = 66. List the prime factors of r.
3, 11
Suppose 268*t = 247*t + 319998. List the prime factors of t.
2, 19, 401
Let v(o) = -2*o**2 - 90*o - 21. What are the prime factors of v(-42)?
3, 7, 11
Suppose 36*x - 228162 = 72471 + 78699. What are the prime factors of x?
41, 257
Let y be 122*4*3/(-24). Let g = 154 + y. What are the prime factors of g?
3, 31
Let b = -508 + 516. Suppose 8551 = b*v + 1879. What are the prime factors of v?
2, 3, 139
Let f be 102/4*2 - (-36)/(-12). Suppose -c